806628 is divided by 582.
558
What is the remainder when 4991670 is divided by 5238?
5094
What is the remainder when 478008 is divided by 119424?
312
Calculate the remainder when 191558363 is divided by 157.
151
Calculate the remainder when 1771784 is divided by 27.
17
Calculate the remainder when 450394 is divided by 35.
14
Calculate the remainder when 108947042 is divided by 779.
776
What is the remainder when 7707633 is divided by 700679?
164
Calculate the remainder when 33291 is divided by 146.
3
What is the remainder when 370653 is divided by 14254?
49
What is the remainder when 18796076 is divided by 18796047?
29
Calculate the remainder when 39311 is divided by 1465.
1221
What is the remainder when 9995786 is divided by 1110639?
35
What is the remainder when 924884 is divided by 880?
4
Calculate the remainder when 126251 is divided by 170.
111
Calculate the remainder when 6377163 is divided by 318.
309
Calculate the remainder when 7961408 is divided by 385.
378
What is the remainder when 559587 is divided by 79903?
266
Calculate the remainder when 258117 is divided by 258077.
40
Calculate the remainder when 282440 is divided by 141077.
286
Calculate the remainder when 27420328 is divided by 29.
16
Calculate the remainder when 6572398 is divided by 75.
73
Calculate the remainder when 2332 is divided by 1187.
1145
What is the remainder when 105268017 is divided by 22?
19
Calculate the remainder when 56511 is divided by 13861.
1067
What is the remainder when 23398770 is divided by 1498?
10
Calculate the remainder when 1128908 is divided by 696.
692
Calculate the remainder when 2668186 is divided by 3660.
46
What is the remainder when 188995 is divided by 15731?
223
Calculate the remainder when 759425 is divided by 189830.
105
Calculate the remainder when 27154 is divided by 68.
22
Calculate the remainder when 304586 is divided by 5972.
14
What is the remainder when 257956981 is divided by 19?
4
Calculate the remainder when 11639294 is divided by 67.
54
What is the remainder when 92268095 is divided by 24?
23
Calculate the remainder when 18727265 is divided by 522.
515
What is the remainder when 109007 is divided by 12892?
5871
What is the remainder when 10474380 is divided by 3491456?
12
What is the remainder when 219730 is divided by 11426?
2636
What is the remainder when 66067 is divided by 1678?
625
What is the remainder when 228422 is divided by 3684?
14
What is the remainder when 38388788 is divided by 533?
529
What is the remainder when 5010669 is divided by 1911?
27
Calculate the remainder when 830216 is divided by 830206.
10
Calculate the remainder when 194224 is divided by 425.
424
What is the remainder when 1618070 is divided by 12164?
258
Calculate the remainder when 5888458 is divided by 5888420.
38
What is the remainder when 172050121 is divided by 191?
186
Calculate the remainder when 17861312 is divided by 2145.
2042
Calculate the remainder when 11187780 is divided by 338.
318
Calculate the remainder when 4763043 is divided by 476304.
3
Calculate the remainder when 1211159 is divided by 321.
26
Calculate the remainder when 666304 is divided by 623.
317
What is the remainder when 33370427 is divided by 808?
27
Calculate the remainder when 133161 is divided by 6034.
413
Calculate the remainder when 21014045 is divided by 1396.
57
Calculate the remainder when 16772566 is divided by 67.
54
Calculate the remainder when 2918292 is divided by 324246.
78
What is the remainder when 75743818 is divided by 12?
10
What is the remainder when 550196 is divided by 6324?
8
Calculate the remainder when 22125 is divided by 1422.
795
What is the remainder when 810112 is divided by 1746?
1714
Calculate the remainder when 287459 is divided by 15.
14
What is the remainder when 4602239 is divided by 53?
37
What is the remainder when 1860559 is divided by 510?
79
Calculate the remainder when 10195586 is divided by 1508.
1506
Calculate the remainder when 1095948 is divided by 256.
12
What is the remainder when 965150 is divided by 6537?
4211
Calculate the remainder when 14255997 is divided by 3960.
3957
What is the remainder when 196139 is divided by 38640?
2939
What is the remainder when 27973382 is divided by 429?
8
What is the remainder when 33234249 is divided by 651651?
48
Calculate the remainder when 47196 is divided by 397.
350
What is the remainder when 31918 is divided by 522?
76
What is the remainder when 6008664 is divided by 169?
38
Calculate the remainder when 2041901 is divided by 81675.
26
Calculate the remainder when 4152109 is divided by 102.
97
Calculate the remainder when 1489534 is divided by 2387.
46
What is the remainder when 1277067 is divided by 2289?
2094
Calculate the remainder when 204532 is divided by 2707.
1507
What is the remainder when 29295 is divided by 5648?
1055
Calculate the remainder when 12345305 is divided by 58.
5
Calculate the remainder when 30800 is divided by 3402.
182
Calculate the remainder when 114452 is divided by 21452.
7192
What is the remainder when 100820960 is divided by 72?
8
Calculate the remainder when 2567394 is divided by 2113.
99
Calculate the remainder when 133751 is divided by 211.
188
Calculate the remainder when 3693 is divided by 181.
73
What is the remainder when 179112903 is divided by 326253?
6
What is the remainder when 722425 is divided by 2696?
2593
What is the remainder when 776866 is divided by 155373?
1
Calculate the remainder when 873050 is divided by 11821.
10117
What is the remainder when 398809 is divided by 132836?
301
Calculate the remainder when 299363 is divided by 37215.
1643
What is the remainder when 9243 is divided by 1576?
1363
What is the remainder when 30326881 is divided by 12313?
12275
What is the remainder when 12552334 is divided by 224147?
102
Calculate the remainder when 7826095 is divided by 475.
470
Calculate the remainder when 22561 is divided by 1221.
583
Calculate the remainder when 131672 is divided by 1305.
1172
What is the remainder when 112101 is divided by 988?
457
What is the remainder when 3327672 is divided by 415957?
16
Calculate the remainder when 219384 is divided by 11543.
67
Calculate the remainder when 2246724 is divided by 844.
840
What is the remainder when 430339 is divided by 859?
839
What is the remainder when 215677 is divided by 658?
511
Calculate the remainder when 8447 is divided by 22.
21
Calculate the remainder when 87154132 is divided by 2187.
2182
Calculate the remainder when 408892 is divided by 58.
50
Calculate the remainder when 13594 is divided by 5948.
1698
Calculate the remainder when 652315 is divided by 58.
47
What is the remainder when 15017081 is divided by 1365189?
2
What is the remainder when 796097 is divided by 159185?
172
Calculate the remainder when 2164211 is divided by 174.
173
Calculate the remainder when 39118376 is divided by 2494.
2480
What is the remainder when 1590 is divided by 206?
148
What is the remainder when 102209 is divided by 101539?
670
What is the remainder when 5342823 is divided by 2157?
2091
What is the remainder when 7201274 is divided by 600094?
146
Calculate the remainder when 15306482 is divided by 15306419.
63
What is the remainder when 129158 is divided by 309?
305
Calculate the remainder when 4830527 is divided by 774.
767
What is the remainder when 4099067 is divided by 372?
371
What is the remainder when 5754172 is divided by 269?
262
Calculate the remainder when 18778076 is divided by 2280.
2276
What is the remainder when 31541 is divided by 7635?
1001
Calculate the remainder when 22251716 is divided by 83.
80
What is the remainder when 2159811 is divided by 406?
297
Calculate the remainder when 125271 is divided by 8945.
41
Calculate the remainder when 9782807 is divided by 636.
491
What is the remainder when 473981 is divided by 7532?
6997
Calculate the remainder when 2973403 is divided by 270291.
202
What is the remainder when 341638 is divided by 106?
0
What is the remainder when 22035 is divided by 11014?
7
Calculate the remainder when 4465763 is divided by 17.
16
Calculate the remainder when 1971495 is divided by 335.
20
Calculate the remainder when 746985 is divided by 7697.
376
What is the remainder when 2464306 is divided by 1232130?
46
Calculate the remainder when 3